ose -4*w - j + 52 = 0, -4*j + 6 = 5*w - c. Is w a prime number?
False
Suppose 4*t + 202 = 3*u, 112 + 23 = 2*u - 3*t. Suppose 0 = -3*n - 2*b + u, 0 = -5*n + n + 2*b + 88. Is n prime?
False
Let q(k) = -k**3 + k**2 + 5*k + 2. Let u be q(4). Let c be -4*(-1 + u/(-8)). Is 222/(-4)*6/c prime?
True
Let i(j) = 70*j**2 + 12*j + 53. Is i(-9) a prime number?
False
Suppose 5*l = -10, 2*b - 4 = 4*l + 4. Suppose b*p - 3*p + 237 = 0. Is p a composite number?
False
Let b = 980 + -643. Is b a prime number?
True
Let b be (1 - (1 - 2)) + -1. Let q be 1/(1/(-97)) - b. Is (-3)/3 - q*1 a composite number?
False
Let z(y) = y. Let v be z(4). Is (v + 0)/2 - -129 a composite number?
False
Let h = -300 + 979. Is h a composite number?
True
Let d = 758 - 3252. Let t = -1605 - d. Is t composite?
True
Let j(h) = 2 + 2 - h - 1. Let l be j(0). Is 14*(-1)/(-3)*l a composite number?
True
Let y be ((-2)/4)/(2/412). Suppose 3*g + 3*s - 2*s = -97, 2*g - 3*s + 83 = 0. Let z = g - y. Is z composite?
True
Let u = 1127 + -658. Is u prime?
False
Let d = -13 + 18. Let j be 0 + 1 + (2 - 1). Suppose 4*p + 2*h - 262 = -0*p, d*p - 327 = -j*h. Is p a prime number?
False
Suppose 2*x - 1492 = -o, 4*o + 3*x = -3902 + 9855. Is o a prime number?
False
Let m = -42 + 133. Let b = -60 + m. Is b composite?
False
Let s(j) = 2*j - 1. Let g be s(3). Is (494 - g)*(-2)/(-6) a composite number?
False
Suppose -4*g + 9*g - 9255 = 0. Is g a composite number?
True
Let j(v) = v - 2. Let s be j(3). Let a = 1 - s. Suppose 0*f + f - 21 = a. Is f a prime number?
False
Let d(z) = -6*z + 1 - 2 - 6. Is d(-5) a prime number?
True
Let c = 1798 + -1121. Is c composite?
False
Let k(b) = b**3 - 12*b**2 + 11*b. Let p(r) = r**2 - r - 1. Let d be p(4). Let n be k(d). Suppose n = -2*c + 3*c - 19. Is c a prime number?
True
Suppose 0*r - 1 = r. Let m(a) = 16*a**2 - 1. Is m(r) composite?
True
Let a(h) = 4*h**3 - 2*h**2 + 5*h**3 + h + 11*h**3. Suppose -3*l = 2*l - 3*n - 14, -4*l + 4*n + 16 = 0. Is a(l) a prime number?
True
Suppose z + 5*m = 66, -5*z + 3*m = -57 - 245. Suppose 3*y - z = -2*n - 0*y, -n = y - 32. Is n a prime number?
False
Let v(g) = -2*g**2 + g - 2. Let n be v(-8). Let l = 21 - n. Is l prime?
False
Suppose 4*v - 832 = 5*f, 5*f - 4*f + 155 = -3*v. Let g = f - -319. Is g a composite number?
True
Let n = 186 - -1171. Is n a prime number?
False
Let o(w) = -2*w**2 + 5*w - 2. Let s be o(3). Let x(i) = 3*i**2 - 2*i + 2. Is x(s) composite?
True
Let p = 524 - 310. Is p a composite number?
True
Suppose -25 = 5*a, -3*q - 70 = 2*a - 6*a. Let y = q - -51. Let i = y + -2. Is i a composite number?
False
Let l = 1 + 18. Let a = l + 63. Is a composite?
True
Let j(h) = -h**2 + 52 + 9 + 15 + 51 - h. Is j(0) prime?
True
Let b be -2 - -1 - (2 - -1). Let z be 0 - (-3)/(-6)*b. Is 3*(z/1 - 1) a prime number?
True
Suppose 4*z - 9132 = p, -z + 3*p + 2*p = -2283. Is z composite?
True
Let l(q) = q**3 + 7*q**2 - 2*q - 9. Let w be l(-7). Suppose -w - 1 = -2*p. Is 642/18 + (-2)/p a composite number?
True
Let i = 8 - 6. Suppose 5*x - 580 = -3*k, 4*x - 390 = -i*k - 0*x. Is k composite?
True
Let y(k) = k**2 - 3*k - 1. Let t be y(5). Suppose -2*s = 3 - t. Is s prime?
True
Let x(s) = -s + 2. Let i be x(0). Suppose i*z - 325 = -3*z. Is z a composite number?
True
Let x = 615 + -392. Is x prime?
True
Is ((-2)/6*1)/(1/(-8691)) a prime number?
True
Let o(w) = 51*w**2 - 7*w - 5. Is o(-4) a composite number?
False
Suppose 5*h = 3*o - 170, 0 = o - 6*o + 2*h + 296. Suppose 0 = 2*f + 14 - o. Suppose f = -2*s + 3*s. Is s composite?
False
Let y be 8/(-12)*9/2. Let o(x) = -3*x**3 - x**2 + 4*x - 1. Is o(y) composite?
False
Let i = 6 + -4. Let v = i + 1. Is v a prime number?
True
Suppose 4 = 4*s, -5*l + 2*s + s + 12 = 0. Suppose 4*k + 2*f = 54, 2*f - 46 + 6 = -l*k. Is k prime?
False
Suppose 5*n = 4*f - 232 - 810, 5*f - 1323 = -4*n. Is f prime?
True
Suppose 2*j - j - k = 50, -5*j - k + 256 = 0. Is j a prime number?
False
Suppose 5 = 3*w + 2. Let z be 30/(-4)*10*w. Let c = -26 - z. Is c composite?
True
Suppose 0 = 3*j - 6*j + 246. Let v(g) = g**3 - 6*g**2 - 4. Let f be v(5). Let x = j + f. Is x prime?
True
Let k(a) = 5*a. Let t(u) = -154*u. Let w(b) = 63*k(b) + 2*t(b). Is w(1) prime?
True
Suppose 0*f + 2524 = 4*f. Is f composite?
False
Suppose 1 = y - h - 0, -y - h + 5 = 0. Let k(c) be the first derivative of c**3 + c**2/2 + c + 1. Is k(y) composite?
False
Let q(w) = -24*w**2 - 2. Let u(j) = j**2 + j + 1. Let y(n) = -q(n) - u(n). Is y(1) composite?
False
Let r = 6 + -5. Suppose g = 1 + r. Suppose 0 = o + u - 68, g*u - u = -1. Is o a composite number?
True
Suppose 0 = -6*a + 8*a + 2302. Let o = a - -1722. Is o a prime number?
True
Is (1 - (1 + 0)) + (7 - -3346) a composite number?
True
Let b(o) = -5*o**2 - 6. Let p be b(-5). Let m = -16 - p. Is m a prime number?
False
Let g = 1400 + -289. Is g a composite number?
True
Let j(s) = -28*s**3 + s**2 + 4*s + 3. Let g = 12 + -14. Is j(g) a composite number?
False
Suppose 22713 = 21*l + 4842. Is l a prime number?
False
Let r(p) = -2*p**2 - p**3 - 2 + 0 + 0*p**2 + 3. Let t be r(1). Is (-2)/1 - t - -58 a prime number?
False
Suppose 4*o + 3*y = -19, -3*y = 2*o + 3 + 2. Is (-40)/o - 2/(-7) composite?
True
Let t(f) = -2*f - f**3 - 5*f - 8*f**2 - 3*f + 5*f + 1. Is t(-9) composite?
False
Let a be ((-12)/(-10))/((-2)/(-5)). Let r be 0 - a/(9/(-93)). Let o = r - -46. Is o a composite number?
True
Let x = -182 - -314. Let m = x - 55. Is m a composite number?
True
Suppose -4*f + 757 = -879. Is f prime?
True
Is 86/(-4 + 14/3) a composite number?
True
Let c = -879 + 1280. Is c composite?
False
Let n be 1 + (-1 - 0) - -105. Suppose 0 = 3*a - 4*m + 5*m - n, 5*m = a - 35. Is a prime?
False
Suppose 5*z = 4*v - 647, 2*z + 100 = -5*v - 172. Is 2*(z/(-2) + -2) prime?
True
Suppose -3*m = -2*q - 21, 3*q - 4*m - 1 + 30 = 0. Let p = q + 5. Suppose 0 = p*u + 40 - 270. Is u composite?
True
Suppose 5*w - 4*w = 0. Suppose 2*t = -5*g + 2, w*g + 4*g = -2*t. Is (1*g)/(2/37) prime?
True
Let k = 330 + -206. Suppose k = v - 7. Is v a prime number?
True
Suppose -5*p + p + 246 = -2*c, 0 = -4*c + 4*p - 484. Let q = -66 - c. Is q composite?
False
Let m(w) = -3*w - 2. Let y be m(-3). Let n(f) = 0*f**3 + f**3 - 5*f**2 - y + 3*f + f**2. Is n(5) a prime number?
False
Suppose -v = -3*j + 327, -327 = -0*j - 3*j + 4*v. Let y = j - 78. Is y a prime number?
True
Let y be (-12)/54 - 148/(-18). Suppose -y*j = -7*j - 113. Is j a composite number?
False
Let c be 1/(-2)*(0 - 4). Suppose -235 = -c*t + 153. Is t a composite number?
True
Suppose -2*w + 0*w = 28. Let n be 1*7*-7 - 0. Let y = w - n. Is y a composite number?
True
Let h(f) = 5*f**2 - 4*f + 1. Suppose -5*x + 3*w = -27, 2*x + 3*x + w - 11 = 0. Suppose -10 = x*q + g + 6, -2*q = -2*g. Is h(q) a prime number?
True
Let k = 73 + 912. Is k a prime number?
False
Let r(z) = -5*z + 4 - 4 - z**2 + 5 + 2*z**2. Let a = 11 + -5. Is r(a) a composite number?
False
Let z(l) = -3*l**2 + 7*l + 10. Let f be z(-7). Let j = f - -313. Is j a prime number?
True
Suppose 2*t - 289 = 85. Is t composite?
True
Let a be (25/15)/((-2)/(-180)). Let s = -91 + a. Is s a prime number?
True
Suppose -5*r - 16 = -3*b + 2*b, 4*b + r - 43 = 0. Suppose -b*f = -8*f - 213. Is f composite?
False
Suppose 6*l - 7*l + 635 = 3*m, -4*m - 8 = 0. Is l a prime number?
True
Let w(a) = -3*a - 6. Let y(j) = -1 + 0*j + 0 - j. Let i(u) = -w(u) + 2*y(u). Is i(3) a prime number?
True
Suppose 3*n = 16 - 19. Is n/(((-3)/1239)/1) composite?
True
Let q(d) = 920*d**3 - d. Let v = 19 - 18. Is q(v) a prime number?
True
Suppose -m = 5*g + 19, g = -7*m + 2*m - 215. Let c = 81 + m. Is c composite?
False
Suppose 8 = 4*x, -2*a = -4*a + 5*x + 804. Is a a prime number?
False
Let d(i) = -48*i. Let h be d(-4). Let x = h - 137. Is x a composite number?
True
Let g be ((-4)/6)/(8/12). Let k(q) = -1 + 162*q**2 + 23*q - 23*q. Is k(g) a composite number?
True
Let g = -970 - -1366. Suppose -k - 2*k = -g. Suppose 3*p + 3*r = 93, -4*r + k = 4*p - 2*r. Is p a composite number?
True
Let z(w) = -w**3 - 7*w + 0*w**3 - 5 + 3*w**2 + w - 6*w**2. Let v(s) = s**3 - 2*s**2 - 5*s + 2. Let b be v(3). Is z(b) prime?
False
Suppose 4*z = 9*z - 19105. Is z composite?
False
Suppose 16 = -y + 103. Suppose -y = -2*x + 239. Is x a prime number?
True
Let x(r) = -11*r - 8. Let k be x(-9). Suppose b - k = -5*l + 3*l, 2